on divisor of 3500 and 139422325.
175
Calculate the highest common divisor of 4879810 and 130.
130
What is the greatest common divisor of 74046849 and 357?
51
What is the highest common factor of 434 and 174424042?
62
Calculate the greatest common factor of 19938977 and 1377.
17
Calculate the greatest common divisor of 50018890 and 1720.
430
Calculate the greatest common factor of 36348 and 1479244.
52
What is the highest common divisor of 567448 and 238?
14
Calculate the greatest common divisor of 548 and 4284949.
137
Calculate the greatest common factor of 1870 and 3196930.
110
Calculate the greatest common factor of 47550598 and 6868.
3434
What is the highest common factor of 27329038 and 1034?
22
What is the greatest common divisor of 597392 and 14896?
16
Calculate the highest common divisor of 17496570 and 445.
5
Calculate the greatest common factor of 2074758 and 56.
14
What is the greatest common divisor of 660 and 63229200?
60
Calculate the highest common divisor of 2934 and 229815819.
1467
Calculate the highest common factor of 1458803 and 157033.
373
What is the highest common divisor of 3176742 and 78?
6
What is the highest common factor of 918077 and 12443?
541
Calculate the greatest common factor of 51105 and 147.
3
Calculate the greatest common divisor of 412128 and 13491.
9
Calculate the greatest common divisor of 2194363 and 88703.
829
What is the highest common divisor of 1256834 and 655582?
3622
What is the greatest common divisor of 219 and 2046405?
3
Calculate the highest common factor of 52344 and 673940632.
5816
What is the greatest common divisor of 60939836 and 4?
4
Calculate the greatest common factor of 14 and 661276994.
14
Calculate the highest common divisor of 524328 and 85512.
168
Calculate the greatest common factor of 456 and 165836712.
456
What is the greatest common factor of 49324 and 7819152?
2596
What is the highest common divisor of 404 and 6396404?
4
Calculate the highest common divisor of 131529 and 47164752.
7737
What is the greatest common divisor of 6511124 and 24?
4
What is the greatest common divisor of 162741 and 14025?
51
What is the greatest common divisor of 1082816 and 392?
56
What is the highest common divisor of 399 and 4737175?
19
What is the highest common factor of 4518965 and 132?
11
Calculate the greatest common divisor of 140 and 492940.
140
Calculate the highest common divisor of 16206449 and 133.
133
What is the greatest common divisor of 6978 and 2748?
6
What is the greatest common factor of 43289632 and 1034?
94
What is the highest common factor of 3374936 and 876?
292
What is the highest common divisor of 22 and 7692839?
11
Calculate the greatest common divisor of 197276715 and 124.
31
Calculate the greatest common factor of 585259 and 272.
17
Calculate the highest common factor of 128670677 and 31.
31
What is the highest common divisor of 106965670 and 3297?
1099
What is the highest common divisor of 566860 and 2331?
7
What is the greatest common factor of 712 and 4669252?
4
What is the highest common factor of 480 and 79215?
15
Calculate the highest common factor of 91264426 and 22.
22
Calculate the highest common divisor of 1962925036 and 703.
703
Calculate the greatest common divisor of 1589307 and 2613.
201
Calculate the greatest common factor of 126 and 128933.
7
Calculate the greatest common factor of 8500524 and 823308.
5244
Calculate the greatest common divisor of 647496 and 424728.
1224
Calculate the greatest common factor of 135 and 13706037.
27
Calculate the highest common divisor of 1349633 and 33221.
239
Calculate the highest common divisor of 14 and 252147952.
14
What is the greatest common divisor of 82364 and 1062?
118
What is the highest common factor of 13314 and 27508626?
1902
What is the greatest common divisor of 118868998 and 34?
34
Calculate the highest common divisor of 2229 and 403638465.
2229
What is the greatest common divisor of 11520 and 110410560?
2880
What is the highest common factor of 77759990 and 1232?
154
What is the highest common factor of 54498641 and 3295?
659
Calculate the greatest common factor of 4563 and 50335467.
507
Calculate the highest common factor of 272 and 246608.
16
What is the greatest common factor of 134370 and 247410?
90
Calculate the greatest common divisor of 1354030 and 10.
10
What is the greatest common divisor of 191471550 and 1905?
1905
What is the greatest common divisor of 1344 and 56292768?
672
What is the greatest common divisor of 1640011 and 1963?
151
Calculate the highest common factor of 90159 and 47396.
41
What is the greatest common factor of 17253 and 13780044?
243
What is the highest common divisor of 124 and 64576937?
31
What is the greatest common factor of 507615381 and 4446?
2223
Calculate the highest common divisor of 4904944 and 40362.
1922
Calculate the greatest common factor of 1680 and 2717904.
336
What is the highest common factor of 690 and 5101377?
69
Calculate the highest common factor of 654 and 83417046.
654
What is the highest common divisor of 54 and 16659234?
18
Calculate the greatest common divisor of 38827849 and 38.
19
Calculate the highest common factor of 713152 and 792.
88
What is the greatest common divisor of 64715170 and 1690?
1690
Calculate the highest common factor of 5636974 and 114.
2
Calculate the greatest common divisor of 8250359 and 247.
13
Calculate the highest common divisor of 3150 and 214579050.
1050
Calculate the highest common factor of 35980064 and 96.
32
What is the greatest common factor of 12468 and 276?
12
What is the greatest common divisor of 548909900 and 15400?
7700
Calculate the greatest common divisor of 21634702 and 4958.
134
What is the greatest common factor of 592 and 54913069?
37
What is the highest common factor of 1755533 and 83?
83
Calculate the greatest common divisor of 6900 and 6036580.
460
What is the greatest common factor of 375 and 29160825?
75
Calculate the highest common divisor of 3811152 and 456.
24
What is the highest common factor of 538345 and 6030?
335
Calculate the greatest common divisor of 4249 and 128790832.
607
Calculate the highest common divisor of 133379697 and 143681.
6247
What is the greatest common divisor of 73712 and 5516747?
271
What is the greatest common divisor of 7768 and 4935593?
971
What is the highest common divisor of 11935240 and 870?
290
What is the highest common factor of 3552 and 30913056?
3552
What is the highest common divisor of 5112 and 220455?
639
What is the greatest common factor of 102 and 928962807?
51
Calculate the highest common divisor of 70 and 3887870.
70
What is the highest common factor of 620 and 5537468?
124
What is the greatest common factor of 686732 and 1292?
68
Calculate the greatest common divisor of 797436 and 3060.
612
Calculate the highest common divisor of 211942830 and 1436.
718
What is the greatest common divisor of 818931 and 13659?
87
Calculate the highest common factor of 574140 and 30860.
20
Calculate the greatest common divisor of 818493 and 21359.
403
Calculate the highest common divisor of 320328 and 11583.
27
What is the greatest common factor of 1129842 and 1890?
378
What is the greatest common divisor of 71286 and 31501?
109
What is the greatest common factor of 2886926 and 2002?
14
What is the highest common factor of 9884 and 90551560?
1412
What is the highest common factor of 161925 and 23375?
425
What is the highest common divisor of 141663363 and 51?
51
Calculate the greatest common divisor of 430 and 110082365.
215
What is the highest common factor of 101430 and 3250?
10
What is the greatest common divisor of 570 and 17924790?
570
Calculate the highest common factor of 376 and 2176241.
47
Calculate the greatest common divisor of 40879850 and 145.
145
What is the highest common factor of 2944378 and 1570?
314
What is the greatest common divisor of 1520 and 2589320?
760
What is the greatest common factor of 4247738 and 353371?
3643
Calculate the highest common factor of 24369969 and 38701.
169
What is the highest common divisor of 3261 and 45261593?
1087
Calculate the highest common divisor of 1766 and 41719984.
1766
What is the highest common divisor of 4900 and 438456900?
4900
Calculate the greatest common divisor of 40 and 42249770.
10
What is the greatest 